[INFO] fetching crate zubbers 0.0.1...
[INFO] checking zubbers-0.0.1 against master#9610dfe5a9a731ced1ea4923ecbd0c57fe367898 for beta-170-4
[INFO] extracting crate zubbers 0.0.1 into /workspace/builds/worker-2-tc1/source
[INFO] validating manifest of crates.io crate zubbers 0.0.1 on toolchain 9610dfe5a9a731ced1ea4923ecbd0c57fe367898
[INFO] running `Command { std: CARGO_HOME="/workspace/cargo-home" RUSTUP_HOME="/workspace/rustup-home" "/workspace/cargo-home/bin/cargo" "+9610dfe5a9a731ced1ea4923ecbd0c57fe367898" "metadata" "--manifest-path" "Cargo.toml" "--no-deps", kill_on_drop: false }`
[INFO] started tweaking crates.io crate zubbers 0.0.1
[INFO] finished tweaking crates.io crate zubbers 0.0.1
[INFO] tweaked toml for crates.io crate zubbers 0.0.1 written to /workspace/builds/worker-2-tc1/source/Cargo.toml
[INFO] crate crates.io crate zubbers 0.0.1 already has a lockfile, it will not be regenerated
[INFO] running `Command { std: CARGO_HOME="/workspace/cargo-home" RUSTUP_HOME="/workspace/rustup-home" "/workspace/cargo-home/bin/cargo" "+9610dfe5a9a731ced1ea4923ecbd0c57fe367898" "fetch" "--manifest-path" "Cargo.toml", kill_on_drop: false }`
[INFO] [stderr]     Updating crates.io index
[INFO] [stderr]  Downloading crates ...
[INFO] [stderr]   Downloaded beef v0.4.4
[INFO] [stderr]   Downloaded hashbrown v0.7.2
[INFO] [stderr]   Downloaded flamer v0.3.0
[INFO] [stderr]   Downloaded logos v0.11.4
[INFO] [stderr]   Downloaded logos-derive v0.11.5
[INFO] [stderr]   Downloaded sized-chunks v0.5.3
[INFO] [stderr]   Downloaded flame v0.2.2
[INFO] [stderr]   Downloaded im-rc v14.3.0
[INFO] running `Command { std: "docker" "create" "-v" "/var/lib/crater-agent-workspace/builds/worker-2-tc1/target:/opt/rustwide/target:rw,Z" "-v" "/var/lib/crater-agent-workspace/builds/worker-2-tc1/source:/opt/rustwide/workdir:ro,Z" "-v" "/var/lib/crater-agent-workspace/cargo-home:/opt/rustwide/cargo-home:ro,Z" "-v" "/var/lib/crater-agent-workspace/rustup-home:/opt/rustwide/rustup-home:ro,Z" "-e" "SOURCE_DIR=/opt/rustwide/workdir" "-e" "CARGO_TARGET_DIR=/opt/rustwide/target" "-e" "CARGO_HOME=/opt/rustwide/cargo-home" "-e" "RUSTUP_HOME=/opt/rustwide/rustup-home" "-w" "/opt/rustwide/workdir" "-m" "1610612736" "--user" "0:0" "--network" "none" "ghcr.io/rust-lang/crates-build-env/linux@sha256:19e73879b68f455e41552ea35293514db52ea292d993f571636dbffedb77a1ee" "/opt/rustwide/cargo-home/bin/cargo" "+9610dfe5a9a731ced1ea4923ecbd0c57fe367898" "metadata" "--no-deps" "--format-version=1", kill_on_drop: false }`
[INFO] [stdout] c705116b73c65292b24fe8c3d3951f2c3bd9df114ccbe30ac146ba11d0260572
[INFO] running `Command { std: "docker" "start" "-a" "c705116b73c65292b24fe8c3d3951f2c3bd9df114ccbe30ac146ba11d0260572", kill_on_drop: false }`
[INFO] running `Command { std: "docker" "inspect" "c705116b73c65292b24fe8c3d3951f2c3bd9df114ccbe30ac146ba11d0260572", kill_on_drop: false }`
[INFO] running `Command { std: "docker" "rm" "-f" "c705116b73c65292b24fe8c3d3951f2c3bd9df114ccbe30ac146ba11d0260572", kill_on_drop: false }`
[INFO] [stdout] c705116b73c65292b24fe8c3d3951f2c3bd9df114ccbe30ac146ba11d0260572
[INFO] running `Command { std: "docker" "create" "-v" "/var/lib/crater-agent-workspace/builds/worker-2-tc1/target:/opt/rustwide/target:rw,Z" "-v" "/var/lib/crater-agent-workspace/builds/worker-2-tc1/source:/opt/rustwide/workdir:ro,Z" "-v" "/var/lib/crater-agent-workspace/cargo-home:/opt/rustwide/cargo-home:ro,Z" "-v" "/var/lib/crater-agent-workspace/rustup-home:/opt/rustwide/rustup-home:ro,Z" "-e" "SOURCE_DIR=/opt/rustwide/workdir" "-e" "CARGO_TARGET_DIR=/opt/rustwide/target" "-e" "CARGO_INCREMENTAL=0" "-e" "RUST_BACKTRACE=full" "-e" "RUSTFLAGS=--cap-lints=forbid" "-e" "RUSTDOCFLAGS=--cap-lints=forbid" "-e" "CARGO_HOME=/opt/rustwide/cargo-home" "-e" "RUSTUP_HOME=/opt/rustwide/rustup-home" "-w" "/opt/rustwide/workdir" "-m" "1610612736" "--user" "0:0" "--network" "none" "ghcr.io/rust-lang/crates-build-env/linux@sha256:19e73879b68f455e41552ea35293514db52ea292d993f571636dbffedb77a1ee" "/opt/rustwide/cargo-home/bin/cargo" "+9610dfe5a9a731ced1ea4923ecbd0c57fe367898" "check" "--frozen" "--all" "--all-targets" "--message-format=json", kill_on_drop: false }`
[INFO] [stdout] 2d86a25a4a850e718c48193452ad184b6effdc8c6e2343075ecf026e269f86ec
[INFO] running `Command { std: "docker" "start" "-a" "2d86a25a4a850e718c48193452ad184b6effdc8c6e2343075ecf026e269f86ec", kill_on_drop: false }`
[INFO] [stderr]    Compiling libc v0.2.139
[INFO] [stderr]    Compiling proc-macro2 v1.0.49
[INFO] [stderr]    Compiling unicode-ident v1.0.6
[INFO] [stderr]    Compiling quote v1.0.23
[INFO] [stderr]    Compiling serde v1.0.152
[INFO] [stderr]    Compiling syn v1.0.107
[INFO] [stderr]    Compiling serde_json v1.0.91
[INFO] [stderr]    Compiling typenum v1.16.0
[INFO] [stderr]    Compiling serde_derive v1.0.152
[INFO] [stderr]    Compiling proc-macro2 v0.4.30
[INFO] [stderr]    Compiling unicode-xid v0.1.0
[INFO] [stderr]    Compiling syn v0.15.44
[INFO] [stderr]    Compiling ryu v1.0.12
[INFO] [stderr]    Compiling version_check v0.9.4
[INFO] [stderr]    Compiling autocfg v1.1.0
[INFO] [stderr]    Compiling itoa v1.0.5
[INFO] [stderr]    Compiling quote v0.6.13
[INFO] [stderr]    Compiling im-rc v14.3.0
[INFO] [stderr]    Compiling thread-id v3.3.0
[INFO] [stderr]     Checking bitmaps v2.1.0
[INFO] [stderr]    Compiling hashbrown v0.7.2
[INFO] [stderr]    Compiling lazy_static v0.2.11
[INFO] [stderr]     Checking rand_xoshiro v0.4.0
[INFO] [stderr]     Checking atty v0.2.14
[INFO] [stderr]    Compiling utf8-ranges v1.0.5
[INFO] [stderr]     Checking ahash v0.3.8
[INFO] [stderr]    Compiling beef v0.4.4
[INFO] [stderr]    Compiling regex-syntax v0.6.28
[INFO] [stderr]     Checking colored v1.9.3
[INFO] [stderr]     Checking sized-chunks v0.5.3
[INFO] [stderr]    Compiling logos-derive v0.11.5
[INFO] [stderr]     Checking logos v0.11.4
[INFO] [stderr]    Compiling flame v0.2.2
[INFO] [stderr]    Compiling flamer v0.3.0
[INFO] [stderr]     Checking zubbers v0.0.1 (/opt/rustwide/workdir)
[INFO] [stdout] warning: unused `#[macro_use]` import
[INFO] [stdout]  --> src/lib.rs:4:1
[INFO] [stdout]   |
[INFO] [stdout] 4 | #[macro_use] extern crate flamer;
[INFO] [stdout]   | ^^^^^^^^^^^^
[INFO] [stdout]   |
[INFO] [stdout]   = note: `#[warn(unused_imports)]` on by default
[INFO] [stdout] 
[INFO] [stdout] 
[INFO] [stdout] warning: unused import: `tag::*`
[INFO] [stdout]  --> src/vm/value/object.rs:1:24
[INFO] [stdout]   |
[INFO] [stdout] 1 | use super::super::gc::{tag::*, trace::*, *};
[INFO] [stdout]   |                        ^^^^^^
[INFO] [stdout] 
[INFO] [stdout] 
[INFO] [stdout] warning: unused import: `super::compiler::CompileState`
[INFO] [stdout]  --> src/vm/vm.rs:9:5
[INFO] [stdout]   |
[INFO] [stdout] 9 | use super::compiler::CompileState;
[INFO] [stdout]   |     ^^^^^^^^^^^^^^^^^^^^^^^^^^^^^
[INFO] [stdout] 
[INFO] [stdout] 
[INFO] [stdout] warning: unused imports: `Trace`, `Tracer`
[INFO] [stdout]  --> src/vm/disassembler.rs:2:18
[INFO] [stdout]   |
[INFO] [stdout] 2 | use gc::trace::{ Trace, Tracer };
[INFO] [stdout]   |                  ^^^^^  ^^^^^^
[INFO] [stdout] 
[INFO] [stdout] 
[INFO] [stdout] warning: unused imports: `rc::Rc`, `sync::Mutex`
[INFO] [stdout]  --> src/vm/interop.rs:1:11
[INFO] [stdout]   |
[INFO] [stdout] 1 | use std::{sync::Mutex, rc::Rc};
[INFO] [stdout]   |           ^^^^^^^^^^^  ^^^^^^
[INFO] [stdout] 
[INFO] [stdout] 
[INFO] [stdout] warning: unused import: `Heap`
[INFO] [stdout]  --> src/vm/interop.rs:3:13
[INFO] [stdout]   |
[INFO] [stdout] 3 | use super::{Heap, Value, VM, Object, WithHeap, Handle};
[INFO] [stdout]   |             ^^^^
[INFO] [stdout] 
[INFO] [stdout] 
[INFO] [stdout] warning: unused `#[macro_use]` import
[INFO] [stdout]  --> src/lib.rs:4:1
[INFO] [stdout]   |
[INFO] [stdout] 4 | #[macro_use] extern crate flamer;
[INFO] [stdout]   | ^^^^^^^^^^^^
[INFO] [stdout]   |
[INFO] [stdout]   = note: `#[warn(unused_imports)]` on by default
[INFO] [stdout] 
[INFO] [stdout] 
[INFO] [stdout] warning: unused import: `tag::*`
[INFO] [stdout]  --> src/vm/value/object.rs:1:24
[INFO] [stdout]   |
[INFO] [stdout] 1 | use super::super::gc::{tag::*, trace::*, *};
[INFO] [stdout]   |                        ^^^^^^
[INFO] [stdout] 
[INFO] [stdout] 
[INFO] [stdout] warning: unused import: `super::compiler::CompileState`
[INFO] [stdout]  --> src/vm/vm.rs:9:5
[INFO] [stdout]   |
[INFO] [stdout] 9 | use super::compiler::CompileState;
[INFO] [stdout]   |     ^^^^^^^^^^^^^^^^^^^^^^^^^^^^^
[INFO] [stdout] 
[INFO] [stdout] 
[INFO] [stdout] warning: unused imports: `Trace`, `Tracer`
[INFO] [stdout]  --> src/vm/disassembler.rs:2:18
[INFO] [stdout]   |
[INFO] [stdout] 2 | use gc::trace::{ Trace, Tracer };
[INFO] [stdout]   |                  ^^^^^  ^^^^^^
[INFO] [stdout] 
[INFO] [stdout] 
[INFO] [stdout] warning: unused imports: `rc::Rc`, `sync::Mutex`
[INFO] [stdout]  --> src/vm/interop.rs:1:11
[INFO] [stdout]   |
[INFO] [stdout] 1 | use std::{sync::Mutex, rc::Rc};
[INFO] [stdout]   |           ^^^^^^^^^^^  ^^^^^^
[INFO] [stdout] 
[INFO] [stdout] 
[INFO] [stdout] warning: unused import: `Heap`
[INFO] [stdout]  --> src/vm/interop.rs:3:13
[INFO] [stdout]   |
[INFO] [stdout] 3 | use super::{Heap, Value, VM, Object, WithHeap, Handle};
[INFO] [stdout]   |             ^^^^
[INFO] [stdout] 
[INFO] [stdout] 
[INFO] [stdout] warning: `#[macro_use]` only has an effect on `extern crate` and modules
[INFO] [stdout]   --> src/vm/mod.rs:13:1
[INFO] [stdout]    |
[INFO] [stdout] 13 | #[macro_use]
[INFO] [stdout]    | ^^^^^^^^^^^^
[INFO] [stdout]    |
[INFO] [stdout]    = note: `#[warn(unused_attributes)]` on by default
[INFO] [stdout] 
[INFO] [stdout] 
[INFO] [stdout] warning: `#[macro_use]` only has an effect on `extern crate` and modules
[INFO] [stdout]   --> src/vm/mod.rs:13:1
[INFO] [stdout]    |
[INFO] [stdout] 13 | #[macro_use]
[INFO] [stdout]    | ^^^^^^^^^^^^
[INFO] [stdout]    |
[INFO] [stdout]    = note: `#[warn(unused_attributes)]` on by default
[INFO] [stdout] 
[INFO] [stdout] 
[INFO] [stdout] warning: the feature `vec_drain_as_slice` has been stable since 1.46.0 and no longer requires an attribute to enable
[INFO] [stdout]  --> src/lib.rs:1:12
[INFO] [stdout]   |
[INFO] [stdout] 1 | #![feature(vec_drain_as_slice)]
[INFO] [stdout]   |            ^^^^^^^^^^^^^^^^^^
[INFO] [stdout]   |
[INFO] [stdout]   = note: `#[warn(stable_features)]` on by default
[INFO] [stdout] 
[INFO] [stdout] 
[INFO] [stdout] warning: the feature `vec_drain_as_slice` has been stable since 1.46.0 and no longer requires an attribute to enable
[INFO] [stdout]  --> src/lib.rs:1:12
[INFO] [stdout]   |
[INFO] [stdout] 1 | #![feature(vec_drain_as_slice)]
[INFO] [stdout]   |            ^^^^^^^^^^^^^^^^^^
[INFO] [stdout]   |
[INFO] [stdout]   = note: `#[warn(stable_features)]` on by default
[INFO] [stdout] 
[INFO] [stdout] 
[INFO] [stdout] error[E0308]: mismatched types
[INFO] [stdout]    --> src/lib.rs:126:32
[INFO] [stdout]     |
[INFO] [stdout] 126 |         vm.add_native("print", print, 1);
[INFO] [stdout]     |            ----------          ^^^^^ incorrect number of function parameters
[INFO] [stdout]     |            |
[INFO] [stdout]     |            arguments to this method are incorrect
[INFO] [stdout]     |
[INFO] [stdout]     = note: expected fn pointer `for<'a, 'b> fn(&'a mut interop::CallContext<'b>) -> vm::value::value::Value`
[INFO] [stdout]                   found fn item `for<'a, 'b> fn(&'a mut vm::gc::Heap<object::Object>, &'b [vm::value::value::Value]) -> vm::value::value::Value {print}`
[INFO] [stdout]     = note: when the arguments and return types match, functions can be coerced to function pointers
[INFO] [stdout] note: method defined here
[INFO] [stdout]    --> src/vm/vm.rs:159:12
[INFO] [stdout]     |
[INFO] [stdout] 159 |     pub fn add_native(&mut self, name: &str, func: NativeFunctionType, arity: u8) {
[INFO] [stdout]     |            ^^^^^^^^^^                        ------------------------
[INFO] [stdout] 
[INFO] [stdout] 
[INFO] [stdout] error[E0308]: mismatched types
[INFO] [stdout]    --> src/lib.rs:228:32
[INFO] [stdout]     |
[INFO] [stdout] 228 |         vm.add_native("print", print_native, 1);
[INFO] [stdout]     |            ----------          ^^^^^^^^^^^^ incorrect number of function parameters
[INFO] [stdout]     |            |
[INFO] [stdout]     |            arguments to this method are incorrect
[INFO] [stdout]     |
[INFO] [stdout]     = note: expected fn pointer `for<'a, 'b> fn(&'a mut interop::CallContext<'b>) -> vm::value::value::Value`
[INFO] [stdout]                   found fn item `for<'a, 'b> fn(&'a mut vm::gc::Heap<object::Object>, &'b [vm::value::value::Value]) -> vm::value::value::Value {print_native}`
[INFO] [stdout]     = note: when the arguments and return types match, functions can be coerced to function pointers
[INFO] [stdout] note: method defined here
[INFO] [stdout]    --> src/vm/vm.rs:159:12
[INFO] [stdout]     |
[INFO] [stdout] 159 |     pub fn add_native(&mut self, name: &str, func: NativeFunctionType, arity: u8) {
[INFO] [stdout]     |            ^^^^^^^^^^                        ------------------------
[INFO] [stdout] 
[INFO] [stdout] 
[INFO] [stdout] error: aborting due to 2 previous errors; 8 warnings emitted
[INFO] [stdout] 
[INFO] [stdout] 
[INFO] [stdout] For more information about this error, try `rustc --explain E0308`.
[INFO] [stdout] 
[INFO] [stderr] error: could not compile `zubbers` (lib test) due to 3 previous errors; 8 warnings emitted
[INFO] [stderr] warning: build failed, waiting for other jobs to finish...
[INFO] [stdout] error[E0170]: pattern binding `Nil` is named the same as one of the variants of the type `vm::value::value::Variant`
[INFO] [stdout]    --> src/vm/vm.rs:610:13
[INFO] [stdout]     |
[INFO] [stdout] 610 |             Nil => HashVariant::Nil,
[INFO] [stdout]     |             ^^^ help: to match on the variant, qualify the path: `vm::value::value::Variant::Nil`
[INFO] [stdout]     |
[INFO] [stdout]     = note: `#[deny(bindings_with_variant_name)]` on by default
[INFO] [stdout] 
[INFO] [stdout] 
[INFO] [stdout] warning: unused variable: `Nil`
[INFO] [stdout]    --> src/vm/vm.rs:610:13
[INFO] [stdout]     |
[INFO] [stdout] 610 |             Nil => HashVariant::Nil,
[INFO] [stdout]     |             ^^^ help: if this is intentional, prefix it with an underscore: `_Nil`
[INFO] [stdout]     |
[INFO] [stdout]     = note: `#[warn(unused_variables)]` on by default
[INFO] [stdout] 
[INFO] [stdout] 
[INFO] [stdout] warning: unreachable pattern
[INFO] [stdout]    --> src/compiler/compiler.rs:663:13
[INFO] [stdout]     |
[INFO] [stdout] 663 |             _ => panic!("not a constant")
[INFO] [stdout]     |             ^
[INFO] [stdout]     |
[INFO] [stdout]     = note: `#[warn(unreachable_patterns)]` on by default
[INFO] [stdout] 
[INFO] [stdout] 
[INFO] [stdout] warning: methods `set_dict_element`, `get_dict_element`, `set_list_element`, and `on_loop` are never used
[INFO] [stdout]    --> src/vm/vm.rs:531:8
[INFO] [stdout]     |
[INFO] [stdout] 97  | impl VM {
[INFO] [stdout]     | ------- methods in this implementation
[INFO] [stdout] ...
[INFO] [stdout] 531 |     fn set_dict_element(&mut self) {
[INFO] [stdout]     |        ^^^^^^^^^^^^^^^^
[INFO] [stdout] ...
[INFO] [stdout] 548 |     fn get_dict_element(&mut self) {
[INFO] [stdout]     |        ^^^^^^^^^^^^^^^^
[INFO] [stdout] ...
[INFO] [stdout] 581 |     fn set_list_element(&mut self) {
[INFO] [stdout]     |        ^^^^^^^^^^^^^^^^
[INFO] [stdout] ...
[INFO] [stdout] 683 |     fn on_loop(&mut self) {
[INFO] [stdout]     |        ^^^^^^^
[INFO] [stdout]     |
[INFO] [stdout]     = note: `#[warn(dead_code)]` on by default
[INFO] [stdout] 
[INFO] [stdout] 
[INFO] [stdout] warning: methods `invoke`, `class`, `get_property`, and `set_property` are never used
[INFO] [stdout]    --> src/vm/disassembler.rs:167:8
[INFO] [stdout]     |
[INFO] [stdout] 12  | impl<'c> Disassembler<'c> {
[INFO] [stdout]     | ------------------------- methods in this implementation
[INFO] [stdout] ...
[INFO] [stdout] 167 |     fn invoke(&mut self, arity: u8) {
[INFO] [stdout]     |        ^^^^^^
[INFO] [stdout] ...
[INFO] [stdout] 214 |     fn class(&mut self, idx: u8) {
[INFO] [stdout]     |        ^^^^^
[INFO] [stdout] ...
[INFO] [stdout] 220 |     fn get_property(&mut self) {
[INFO] [stdout]     |        ^^^^^^^^^^^^
[INFO] [stdout] ...
[INFO] [stdout] 226 |     fn set_property(&mut self) {
[INFO] [stdout]     |        ^^^^^^^^^^^^
[INFO] [stdout] 
[INFO] [stdout] 
[INFO] [stdout] warning: field `kind` is never read
[INFO] [stdout]   --> src/ir/types.rs:12:5
[INFO] [stdout]    |
[INFO] [stdout] 11 | pub struct TypeInfo {
[INFO] [stdout]    |            -------- field in this struct
[INFO] [stdout] 12 |     kind: Option<Type>
[INFO] [stdout]    |     ^^^^
[INFO] [stdout]    |
[INFO] [stdout]    = note: `TypeInfo` has a derived impl for the trait `Clone`, but this is intentionally ignored during dead code analysis
[INFO] [stdout] 
[INFO] [stdout] 
[INFO] [stdout] warning: field `entry` is never read
[INFO] [stdout]    --> src/ir/ir.rs:207:5
[INFO] [stdout]     |
[INFO] [stdout] 205 | pub struct Program {
[INFO] [stdout]     |            ------- field in this struct
[INFO] [stdout] 206 |     data: HashMap<DataId, ExprNode>,
[INFO] [stdout] 207 |     entry: Option<DataId>
[INFO] [stdout]     |     ^^^^^
[INFO] [stdout]     |
[INFO] [stdout]     = note: `Program` has a derived impl for the trait `Debug`, but this is intentionally ignored during dead code analysis
[INFO] [stdout] 
[INFO] [stdout] 
[INFO] [stdout] warning: method `begin_scope` is never used
[INFO] [stdout]    --> src/compiler/compiler.rs:113:8
[INFO] [stdout]     |
[INFO] [stdout] 29  | impl CompileState {
[INFO] [stdout]     | ----------------- method in this implementation
[INFO] [stdout] ...
[INFO] [stdout] 113 |     fn begin_scope(&mut self) {
[INFO] [stdout]     |        ^^^^^^^^^^^
[INFO] [stdout] 
[INFO] [stdout] 
[INFO] [stdout] warning: variable `Nil` should have a snake case name
[INFO] [stdout]    --> src/vm/vm.rs:610:13
[INFO] [stdout]     |
[INFO] [stdout] 610 |             Nil => HashVariant::Nil,
[INFO] [stdout]     |             ^^^ help: convert the identifier to snake case: `nil`
[INFO] [stdout]     |
[INFO] [stdout]     = note: `#[warn(non_snake_case)]` on by default
[INFO] [stdout] 
[INFO] [stdout] 
[INFO] [stdout] error: aborting due to previous error; 16 warnings emitted
[INFO] [stdout] 
[INFO] [stdout] 
[INFO] [stdout] For more information about this error, try `rustc --explain E0170`.
[INFO] [stdout] 
[INFO] [stderr] error: could not compile `zubbers` (lib) due to 2 previous errors; 16 warnings emitted
[INFO] running `Command { std: "docker" "inspect" "2d86a25a4a850e718c48193452ad184b6effdc8c6e2343075ecf026e269f86ec", kill_on_drop: false }`
[INFO] running `Command { std: "docker" "rm" "-f" "2d86a25a4a850e718c48193452ad184b6effdc8c6e2343075ecf026e269f86ec", kill_on_drop: false }`
[INFO] [stdout] 2d86a25a4a850e718c48193452ad184b6effdc8c6e2343075ecf026e269f86ec
